eatest common factor of 13 and s?
13
Let i be (-36)/((-1)/(42/9)). Calculate the greatest common factor of i and 24.
24
Let n(o) be the third derivative of -o**4/24 + 7*o**3/3 + 5*o**2. Let c be n(10). What is the greatest common factor of c and 20?
4
Let d be (-66)/(-8)*(-5 - -9). Suppose -3*x + 2*m = m - d, -m + 7 = x. Calculate the highest common divisor of 50 and x.
10
Let i(n) = n**2 + 9*n + 3. Let x be i(-9). Let z be (0/x)/(1*2). Suppose z*b - 160 = -4*b. Calculate the greatest common factor of b and 16.
8
Suppose 2*j - 921 + 81 = 0. Suppose 0 = 5*x - j + 20. Let v be 70/5 - (1 - -3). Calculate the greatest common factor of v and x.
10
Let g = -1 + 16. Suppose -108 = -2*q + 3*i + g, -193 = -3*q - 4*i. What is the highest common divisor of q and 7?
7
Let r be (36/3)/(-1 + 2). What is the highest common factor of r and 48?
12
Let l(w) = w + 10. Let u be l(7). What is the greatest common divisor of u and 34?
17
Let u(y) = -15*y + 10. Suppose -10 = 2*f - 4*f, 4*g + 46 = 2*f. Let h be u(g). What is the highest common factor of h and 58?
29
Let p(l) = -2*l + 12. Let n be p(0). Let w be n/2 + -3 + 1. What is the greatest common divisor of w and 8?
4
Let d = 6 + -4. Let m be (16/6)/(d/6). Let u be -4 + 3 + 20/4. What is the highest common divisor of u and m?
4
Let i be 0/(-1) - (-6 - (358 + -1)). Calculate the greatest common divisor of i and 33.
33
Suppose -4*a = -3*k - 528, 27 = 4*k + 11. Calculate the highest common divisor of 27 and a.
27
Let z(o) = 22*o - 3. Let i be z(-4). Let v be 1 - 3 - (171 + -1). Let q = i - v. What is the greatest common divisor of 9 and q?
9
Suppose -2*z = 4*p + 34, p - 48 = 4*p - 3*z. Let v = p - -19. Let o = -8 + 12. Calculate the highest common factor of o and v.
4
Let k be -25*(-40)/((-8)/(-2)). Suppose -k = -5*i + 70. Suppose 3*b = -2*t + 7, 5*t - 24 = -5*b + 1. What is the highest common divisor of t and i?
8
Let v(u) = -u**2 + 2*u + 2. Let q be v(4). Let t = q + 10. Calculate the greatest common divisor of t and 2.
2
Let n(l) = 12*l**2 + l + 1 + 1 + 4*l**2 - 1. Let f be n(-2). Calculate the highest common factor of f and 9.
9
Let x be ((-24)/(-9))/(2/12). Let f = x - 2. What is the greatest common divisor of 112 and f?
14
Let f be (-2)/(-3)*(-21)/2. Let q(d) = -11*d - 2. Let z be q(f). Calculate the highest common factor of 15 and z.
15
Let p = -2 + 6. Suppose -p*z + 75 = -69. Suppose 4*m + 0 = z. Calculate the greatest common factor of 27 and m.
9
Suppose 0 = h + 4 + 15. Let v = -13 - h. Suppose 0*o + o = l - 20, -2*l - 5*o + 26 = 0. Calculate the highest common divisor of v and l.
6
Let s = -73 - -109. Suppose 0 = 3*l - 140 - 130. Calculate the greatest common factor of l and s.
18
Let f be (-1)/(-3) + (-250)/(-6). Let z be (-3)/6 - (-26)/4. Calculate the greatest common divisor of f and z.
6
Let a = -12 + 17. Let k = a + 10. Calculate the greatest common factor of k and 5.
5
Let q(p) = 7*p + 5. Let z be q(5). Let r(i) = i**3 + 7*i**2 - 3*i - 5. Let m be r(-5). What is the highest common divisor of m and z?
20
Suppose 0 = -0*h + 5*h - 40. Calculate the highest common divisor of 8 and h.
8
Let p(h) = h**2 - h - 1. Let c be p(-2). Suppose -7*k + c*k = -50. Let n = 60 - 55. What is the greatest common factor of n and k?
5
Let g be 2 + 0 - (7 + 0). Let c be (1 - 0)*(-4 - g). Calculate the highest common divisor of c and 7.
1
Let w be (-102)/(-14) - 6/21. Let p be w/(-2)*(-36)/21. What is the greatest common factor of p and 1?
1
Suppose -138 - 97 = -5*f + 5*n, 0 = 3*n + 6. Suppose -3*j + 17 = 2*z, -j + 5 + 4 = 4*z. What is the greatest common factor of j and f?
5
Let t(x) = -6*x - 19. Let i be t(-9). What is the greatest common factor of i and 7?
7
Suppose 4*r - 18 = 22. Let j be 20/1 - (-10 + r). What is the greatest common factor of j and 80?
20
Let g be (-9)/((-54)/84) + (-2 - 1). What is the greatest common factor of 22 and g?
11
Let b be (-28)/(-5) + 6/15. Suppose -2*t + 24 - b = 0. Suppose -102 = -4*v + 5*f + 37, -4*v = 4*f - 148. Calculate the greatest common factor of v and t.
9
Let a be -1 - (0 - -11)/(-1). Let m = a - 9. Calculate the highest common factor of m and 11.
1
Suppose 0 = -8*b + 42 + 54. What is the highest common divisor of 132 and b?
12
Let g(h) = -h**3 - 22*h**2 - 44*h + 11. Let f be g(-20). What is the highest common divisor of f and 7?
7
Suppose 4*i - 5*i = 0. Suppose 2*d + i*d = 110. Let y be -2 + 0 - -2*d. What is the highest common factor of y and 12?
12
Let s be (-6)/9 - (-40)/6. Let w = -8 + s. Let d be -48*-4*w/(-6). What is the highest common factor of 8 and d?
8
Let z(t) = t**3 + 7*t**2 + 5*t - 2. Let b be z(-6). Suppose 13 = -4*s + m + 49, -b*s - m = -36. Calculate the highest common factor of s and 9.
9
Let j(z) = -z + 3. Let q be j(3). Suppose 2*v = -q*v + 26. What is the highest common divisor of v and 143?
13
Let t(s) = -s**2 + 10*s + 6. Let l be t(12). Let p = 2 - l. Calculate the highest common factor of p and 30.
10
Let g be 3/(-9) - 25/(-3). Suppose n + n - c = g, -2*n - c + 8 = 0. Suppose n*q + 6 = 5*q. What is the greatest common factor of 66 and q?
6
Let r = -4 + 4. Suppose -2*w - 2*w = r. Suppose w = -4*c + 11 + 21. Calculate the greatest common divisor of 1 and c.
1
Suppose 3*z - 8*z + 30 = 0. What is the greatest common divisor of 3 and z?
3
Let y be 1/(((-2)/(-5))/2). Let d(x) = -7*x - 9. Let s be d(-7). Suppose 0*v + s = 4*v. Calculate the greatest common divisor of v and y.
5
Let u = 15 - 23. Let p = u - -12. Suppose 0 = p*o - 72 + 12. What is the highest common divisor of 3 and o?
3
Let k be (5/(-20))/((-5)/380). What is the greatest common factor of k and 171?
19
Suppose 31*w = 29*w + 30. What is the greatest common divisor of w and 60?
15
Let w be (-2)/(-6) - (-9)/(-27). Let t = w + 187. What is the highest common divisor of t and 17?
17
Let m be (2*8)/2 + -1. Let j(a) = 9*a**2 - a**3 - 4*a + 4*a**2 + 3 - 5*a**2 + 0*a. Let k be j(m). What is the highest common factor of k and 4?
4
Let s be (15/(-12))/((-1)/8). Let x(l) = s*l**3 + 4*l - 3*l + 0*l. Let n be x(1). What is the greatest common factor of 11 and n?
11
Let f(n) = 2*n + 11. Let h be f(-13). Let m = h + 50. What is the greatest common factor of 14 and m?
7
Let v be (0 - -3)*12/18. Suppose 0 = 2*d - 4*t + 8, -v*t = -0*d + d - 12. Suppose 0 = -d*h + 9 + 23. Calculate the greatest common divisor of h and 40.
8
Suppose 0 = o + 3*o + 4. Let t be (-2 - -2 - 9)*o. Let k be 4/(-14) - 195/(-21). Calculate the greatest common factor of k and t.
9
Let j(n) = 2*n + 53. Let w be j(-16). Calculate the greatest common divisor of w and 42.
21
Suppose -2*g + 31 = 19. What is the highest common factor of 6 and g?
6
Suppose -4*b + 11 = -13. Calculate the highest common divisor of b and 24.
6
Suppose -25 = -0*q + 5*q, 3*p - 80 = -2*q. Suppose o + 2*o = p. What is the highest common factor of 15 and o?
5
Let z = 4 - 0. Suppose -2*l = 7 - 1, -52 = -4*q + z*l. Let p be (-2)/q + (-153)/(-15). Calculate the greatest common divisor of 20 and p.
10
Let t = -6 + 27. Let i(k) = -k**3 - 11*k**2 + 11*k - 9. Let v be i(-12). Calculate the greatest common factor of v and t.
3
Let w be (78/5 - 1) + (-30)/(-75). Calculate the highest common factor of w and 3.
3
Let d = -10 - -15. Suppose -3*f - 2*f + d = 0. What is the highest common factor of 5 and f?
1
Let g be 6 - 2*2/4. Suppose -5*t = -t. Suppose t = 2*f - 10. Calculate the greatest common factor of f and g.
5
Let v = -30 - -60. Calculate the highest common factor of 20 and v.
10
Let h be 6 + -3 + 0 + -1. Suppose 0 = -h*c + 3*y + 15, 2*c - c - 6 = y. Calculate the greatest common factor of c and 3.
3
Let w be 2/6 - (-44)/12. Suppose -w*v = -2*v - 44. Calculate the highest common factor of v and 55.
11
Suppose -220 = -10*d + 5*d. What is the highest common factor of 484 and d?
44
Suppose -x + 211 = 3*q + 86, -3*q + 4*x = -130. Suppose -s = s - q. What is the greatest common factor of 7 and s?
7
Let q be 184/(-14)*(-35)/10. What is the highest common divisor of 115 and q?
23
Let q be (3 + 2)/((-2)/(-32)). Let l be q*(-4 + 1 - -4). Calculate the highest common divisor of l and 32.
16
Suppose 0 = -4*v + 4 + 12. Suppose 8*y - 320 = v*y. Calculate the highest common divisor of 32 and y.
16
Let l = -125 - -149. Let v(s) = -11*s - 29. Let f(u) = -4*u - 10. Let i(o) = 8*f(o) - 3*v(o).